k = -5316 - -9515. Suppose 10 = 3*v - x, 5 = v - 4*x - 2. Suppose -v*j = -16*j + k. Is j composite?
True
Let n = 1413458 + -767989. Is n a prime number?
False
Let t be 6 + -1 + -2 + 13 + -11. Suppose -4*y + 1806 = -2*y + 4*g, t*g + 10 = 0. Is y composite?
False
Let i(z) = -5*z**2 + 22*z + 15. Let b be i(5). Suppose -58*w + 15*w + 430301 = b. Is w a composite number?
False
Let d = 118 + -217. Let p = d - -104. Suppose 330 = 4*a + p*g, -a - 2*a - 3*g = -249. Is a a composite number?
True
Let h be 290/4*(-2094)/(-30)*4. Suppose 3*u = 5*o - h, 5*u = 5*o - 0*u - 20240. Is o a prime number?
True
Let q(z) = -7*z**3 + 10*z**2 - 37*z - 21. Let j(l) = -3*l**3 + 5*l**2 - 18*l - 10. Let n(y) = 9*j(y) - 4*q(y). Let a be n(7). Let x = a + 359. Is x prime?
False
Let z = 27 + -24. Suppose 4*o + 2*h - 3956 = 0, 4*h = z*o + 1390 - 4379. Is o a prime number?
True
Let h be -1 - (-49)/35 - (-4742)/(-5). Let b = 2485 - h. Is b prime?
True
Suppose -12*g - 4 = -16. Is (-134)/(-469) - (39674/(-7) + g) a composite number?
True
Suppose 0 = 3*z + z + 4*p - 49512, 5 = p. Is z a prime number?
True
Let p(x) = 8*x**2 - 3*x + 8. Suppose 3*q = -12*q - 150. Is p(q) prime?
False
Let w be 10/35 - -129*90/(-14). Let o = 1668 + w. Is o prime?
True
Let u(y) = -741*y + 1840. Is u(-29) prime?
False
Let x = 10 - 5. Suppose -g + 21 = -5*v, 0 = x*v - 2*g + 19 + 3. Let b(d) = 7*d**2 + d + 3. Is b(v) a prime number?
False
Suppose 3*o + 31 = 49. Let z(q) = -2*q - 2. Let j be z(-1). Is 1*(j - (-1761)/(o/2)) prime?
True
Let m be (-24)/30*-2*50/(-8). Is 18/(-15)*46775/m a composite number?
True
Let u be (2 - 4)*(-1685)/10. Let b be u - 0*(-3)/(-12). Suppose 4*k + s - b = 0, 3*k = -0*s + 2*s + 261. Is k a prime number?
False
Suppose 0 = 17*a - 67*a + 3737550. Is a a composite number?
True
Is (626288/(-416))/(1/(-58)) a prime number?
False
Suppose 2*q = g - 11707, 33101 = -4*q + 4*g + 9681. Let i = -3273 - q. Is i a prime number?
True
Let r be (-329 - -99) + 2/(-1) + 0. Let g = r + 1673. Is g a composite number?
True
Suppose 1168 - 174 = 30*d + 41*d. Let h be 2*1/(4/6). Suppose h*u - 52 = d. Is u a prime number?
False
Is 243/(-405)*1822970/(-6) prime?
True
Let d = -195 - 33. Let x = 451 + d. Is x prime?
True
Let y(v) = 5*v - 53. Let l be y(16). Is l/(-5) - -5 - 308901/(-15) a composite number?
False
Let c(x) = -x**3 - 17*x**2 - 29*x + 20. Let l be c(-15). Suppose 5*u - 9825 = u + l*m, 2451 = u + 4*m. Is u a prime number?
False
Suppose 0 = 291*s - 285*s - 15264. Let z = -1133 + s. Is z a prime number?
False
Let g(w) = -w**2 + 6*w + 188459. Is g(0) composite?
False
Suppose -128*o + 4085209 = -109*o. Is o a composite number?
True
Let n(v) = -229*v + 4. Let a be n(3). Let i = 3125 + a. Suppose -3*r + 3080 = 5*p, 3*p + i = 7*p - 2*r. Is p composite?
False
Let t be ((-259)/21 - 1) + 2/6. Let a(l) = 12*l**2 + 25*l + 6. Is a(t) composite?
False
Let b be -6*(162/180 + (-4)/10). Is ((-99)/(-9))/(b/(-1011)) prime?
False
Let s(r) = -11 + 4387*r + 3 + 3. Let u(f) = 1462*f - 2. Let h(t) = 3*s(t) - 8*u(t). Is h(1) prime?
False
Let b(h) = -133*h**2 + 4*h - 1. Let v(i) = 266*i**2 - 9*i + 1. Let c(k) = -9*b(k) - 4*v(k). Let j be c(5). Let y = j - 1235. Is y prime?
False
Suppose 2*k - 3 = -2*i - 23, -2*i = 4*k + 14. Let b = -23 + i. Is (-9)/(b/200) - 1 a prime number?
False
Suppose -8*m + 4 = -10*m, m = 7*b - 1050289. Is b a composite number?
False
Let v = 136 - 142. Is -8 + 7 - v - 42264/(-2) a composite number?
True
Let r(d) = -641*d + 137. Let n be r(17). Let u = -6009 - n. Is u composite?
False
Suppose -278*r + 283*r + 40 = 0, -1330852 = -4*f + r. Is f composite?
False
Suppose 29 = 5*f + 5*b + 104, -2*f = -b + 45. Let p(g) = -3*g**2 + 28*g + 44. Let y(n) = -n**2 + 14*n + 22. Let a(s) = -2*p(s) + 5*y(s). Is a(f) composite?
True
Let q be (-20)/(-28) - (-76547)/7. Let m = q + 678. Is m prime?
False
Let h be 1875 + 0*(-4)/12. Let o = 3566 - h. Is o a prime number?
False
Is 51/(-102) + (-1133)/(-2) + -1 composite?
True
Let j(s) be the third derivative of s**6/120 - 19*s**5/60 - s**4/8 + s**3 + s**2 - 49*s. Is j(23) prime?
True
Let u(g) be the third derivative of -109*g**4/24 - 19*g**3/3 + 12*g**2 - 65. Let p be (21/(-3) - 2) + 0. Is u(p) composite?
True
Let u(w) = -775*w - 2562. Is u(-16) composite?
True
Let d = -7452 + 5261. Let x be 1 + (-3 - (5 - 9))*3641. Let y = d + x. Is y a prime number?
True
Let n(t) = 88*t - 1. Let o(g) = -g. Let d = 53 + -54. Let v(m) = d*n(m) + 2*o(m). Is v(-7) a prime number?
True
Let r = 144023 + -63642. Is r a prime number?
False
Let g be 10/((-100)/45)*842. Is g/(-6) - (-3)/(-6) a composite number?
False
Let k be 12/8*(-4 + 32). Let p(b) = 4*b**2 + 18*b + 5. Is p(k) prime?
True
Let a = -15884 + 23287. Is a composite?
True
Suppose 28*b + 506073 = 79*b. Is b a composite number?
False
Suppose y = -3, -6*k + k + 1907 = y. Suppose -35*l + 765 + 5720 = 115. Suppose -4*i - k = -2*a, 2*a - i = 3*a - l. Is a a composite number?
True
Suppose -10 = 2*i + 4*f, -2*f - 6 = 5*i - 21. Suppose -3*d + h - 5 = -0, i*d = h - 5. Let s(x) = 3*x + 2059. Is s(d) a prime number?
False
Suppose 113*u - 3*a = 108*u + 2272556, 0 = -8*u - 3*a + 3636113. Is u prime?
True
Let s(j) = 579*j**2 + 54*j + 131. Is s(-4) prime?
False
Suppose 17*o - 48*o - 21*o + 28212028 = 0. Is o a composite number?
False
Is 60/(-45)*13360761/(-36) prime?
True
Suppose -12*i - 7665 = -17*i - 5*r, 3*i - 4600 = -2*r. Suppose 1341 = 2*d - 5*h, i = 5*d - 5*h - 1826. Is d composite?
False
Suppose 2*m = 5*m - 99. Let b be (-3)/(-6)*((-3)/(-3) + -49). Let h = m - b. Is h a prime number?
False
Let h(y) = 9*y**2 - 3*y - 14. Let w be h(5). Suppose -9*b + w = -11*b. Let p = 305 - b. Is p prime?
False
Suppose -4*v - 170 = 5*f + v, 4*f + 3*v = -137. Let s = f + -750. Let b = s - -1114. Is b composite?
True
Let u(z) = -6722*z - 63. Let s be u(-10). Suppose 0 = 17*k - s - 24762. Is k a prime number?
True
Let l be 2191/((-1)/(2/5) - -3). Let m = l - 1615. Is m a prime number?
True
Let u be 30/(-105) + (-89441)/(-7). Suppose 4*i + 5*t = 6340, 5*i = t + u - 4852. Suppose 2*x + 3*x - i = 0. Is x a composite number?
False
Let x be (3 + 5263)*(11 + -6). Let b = x - 13819. Is b prime?
True
Let h be (2 - 1)*7867*1. Suppose 0 = -33*o + 14*o - 30*o + 196. Suppose o*b = -5*l + h, l - 415 = -3*b + 1165. Is l a composite number?
False
Let k(a) = a**3 + 4*a**2 - 11*a - 9. Let y be k(-6). Let j(f) = -36*f - 82. Is j(y) composite?
True
Let z(m) = m - 5. Let d be z(8). Suppose d*u - 8239 = -8*u. Suppose -t + 113 = -u. Is t a prime number?
False
Let s = 67405 - 14752. Let m = s - 21662. Is m a composite number?
True
Let i(t) = t**2 + 14*t + 50. Let v be i(-10). Suppose -v*x + 19*x = 10971. Is x composite?
True
Suppose -23*p + 3*x - 2219 = -27*p, 2*x - 1108 = -2*p. Is p a composite number?
False
Let t(u) = -10*u + 263. Let y be t(29). Is (-20)/(-90) - 426405/y composite?
True
Let s = -59151 - -117032. Is s prime?
True
Let q(y) = 305*y - 8. Suppose 0 = -8*t + 1 + 23. Suppose -2*j = 5*p - 7 - 8, p + 2*j - t = 0. Is q(p) composite?
False
Let w(c) = 8239*c**2 + 131*c + 113. Is w(-6) composite?
True
Let r be 358/6 - (-1 + (-30)/(-18)). Let w = 603 + r. Is w composite?
True
Is (-152)/(-3496) - (-138504)/46 a composite number?
False
Suppose 0 = -4*o - 4*g + 680916, 0 = -18*o + 20*o - g - 340452. Is o a composite number?
False
Let i(m) = m**3 - 35*m**2 - 103*m + 192. Is i(49) a composite number?
False
Suppose 9 = -3*u - 5*n, 3*n + 33 = -3*u + 6*n. Is 6 - 10 - u - (2 - 861) a prime number?
True
Let t(r) be the first derivative of -r**4/4 + r**3 + 3*r**2/2 - 4*r - 3. Let g be t(3). Suppose 5 = -d + 1, -g*i - d = -2721. Is i a prime number?
False
Let t(a) = 7*a - 18. Let y be t(0). Is ((-6738)/8)/(y/24) a composite number?
False
Let k = 216486 + -88675. Is k a composite number?
True
Suppose t - 12 = -0*q - 2*q, 2*t = -q + 18. Let r(u) = -4*u**2 + 32*u. Let h be r(t). Suppose h = -j + 1355 - 96. Is j composite?
False
Let a(d) = -d**2 - 9*d - 8. Let z be a(-1). Suppose -8964 = -0*n - 2*n - 5*g, z = 2*n + 3*g - 8968. Is n prime?
False
Let h = -3849 + 13143. Suppose 4*z - h = 2*v, 0*v = 3*v + 15. Is z composite?
True
Suppose -2*y + 0*y + 96038 = -4*w, -48015 = -y - 2*w. Is y composite?
False
Suppose u - 5*s - 996917 = 0, 5*u - 1003880 = s + 3980849. Is u a prime number?
False
Let z